ase 7) in base 15?
-3
-d (base 15) to base 13
-10
Convert 7 (base 12) to base 2.
111
What is -233 (base 4) in base 8?
-57
-1 (base 3) to base 11
-1
-3f (base 16) to base 15
-43
What is 1 (base 6) in base 16?
1
What is -3 (base 7) in base 3?
-10
-5 (base 13) to base 5
-10
-110 (base 2) to base 5
-11
-33 (base 7) to base 6
-40
Convert 0 (base 12) to base 11.
0
Convert 39 (base 11) to base 3.
1120
What is 11 (base 7) in base 5?
13
What is 13 (base 8) in base 5?
21
What is -1 (base 15) in base 12?
-1
What is -b3 (base 16) in base 6?
-455
159 (base 13) to base 8
363
0 (base 15) to base 14
0
What is 2 (base 16) in base 11?
2
What is -76 (base 8) in base 14?
-46
Convert -2221 (base 4) to base 9.
-207
What is -3 (base 14) in base 3?
-10
Convert -1101001 (base 2) to base 16.
-69
What is 17 (base 16) in base 12?
1b
What is 110110 (base 2) in base 12?
46
What is 100 (base 4) in base 7?
22
7 (base 15) to base 5
12
-83 (base 12) to base 7
-201
2 (base 15) to base 9
2
Convert -10 (base 2) to base 8.
-2
What is 21 (base 5) in base 10?
11
Convert -1100 (base 2) to base 11.
-11
-131 (base 7) to base 2
-1000111
Convert -1 (base 4) to base 3.
-1
Convert -102 (base 4) to base 14.
-14
What is -20 (base 10) in base 6?
-32
What is -2 (base 8) in base 15?
-2
-6 (base 10) to base 8
-6
16 (base 15) to base 12
19
Convert 17 (base 10) to base 7.
23
Convert 2 (base 15) to base 14.
2
What is 2b (base 14) in base 9?
43
-4 (base 14) to base 8
-4
What is -5 (base 8) in base 16?
-5
What is -10010 (base 2) in base 3?
-200
Convert -176 (base 12) to base 7.
-453
-11 (base 7) to base 4
-20
Convert -165 (base 7) to base 10.
-96
Convert 67 (base 8) to base 12.
47
2 (base 14) to base 10
2
Convert -19a (base 13) to base 7.
-602
What is -2 (base 10) in base 13?
-2
Convert 102 (base 5) to base 11.
25
What is 13 (base 4) in base 11?
7
Convert 10 (base 4) to base 11.
4
What is -100000 (base 2) in base 13?
-26
Convert 11 (base 11) to base 8.
14
0 (base 5) to base 3
0
Convert -2 (base 15) to base 11.
-2
-1 (base 10) to base 11
-1
2 (base 12) to base 11
2
422 (base 5) to base 7
220
-20 (base 8) to base 5
-31
-73 (base 13) to base 6
-234
22 (base 3) to base 2
1000
Convert 110000 (base 2) to base 14.
36
What is -18 (base 12) in base 9?
-22
0 (base 8) to base 6
0
What is -12 (base 3) in base 9?
-5
Convert 4 (base 14) to base 15.
4
-25 (base 14) to base 13
-27
Convert c (base 15) to base 4.
30
Convert -1001 (base 2) to base 11.
-9
What is -13 (base 7) in base 16?
-a
7 (base 16) to base 12
7
What is 8 (base 10) in base 9?
8
What is -18 (base 9) in base 2?
-10001
What is -200 (base 6) in base 5?
-242
-26 (base 13) to base 9
-35
-500 (base 7) to base 8
-365
-5 (base 16) to base 12
-5
What is -235 (base 6) in base 11?
-87
What is -1100 (base 2) in base 8?
-14
What is -4 (base 12) in base 15?
-4
What is -2 (base 14) in base 7?
-2
41 (base 5) to base 16
15
-222 (base 4) to base 10
-42
What is 2 (base 8) in base 5?
2
-3 (base 5) to base 12
-3
Convert -55 (base 9) to base 5.
-200
Convert -11021 (base 3) to base 7.
-223
-18 (base 11) to base 7
-25
6 (base 12) to base 2
110
-5 (base 9) to base 5
-10
Convert 3 (base 4) to base 5.
3
What is -14 (base 9) in base 3?
-111
17 (base 14) to base 2
10101
Convert 1001101 (base 2) to base 4.
1031
Convert -124 (base 6) to base 5.
-202
1221 (base 5) to base 3
20220
What is -43 (base 9) in base 11?
-36
Convert -2a (base 15) to base 3.
-1111
Convert 1 (base 3) to base 12.
1
Convert -11 (base 3) to base 4.
-10
110 (base 5) to base 9
33
Convert -4 (base 7) to base 9.
-4
-1 (base 14) to base 12
-1
Convert 2 (base 9) to base 6.
2
-5 (base 14) to base 10
-5
What is 2 (base 14) in base 2?
10
-200 (base 3) to base 12
-16
What is 7 (base 9) in base 14?
7
-f (base 16) to base 7
-21
What is 0 (base 3) in base 6?
0
Convert 2021 (base 3) to base 13.
49
-148 (base 9) to base 8
-175
15 (base 11) to base 3
121
What is -1 (base 7) in base 11?
-1
Convert -2 (base 15) to base 8.
-2
31 (base 6) to base 2
10011
-c0 (base 13) to base 3
-12210
Convert -2 (base 10) to base 5.
-2
What is 61 (base 9) in base 6?
131
What is -10 (base 14) in base 11?
-13
What is -7 (base 14) in base 11?
-7
Convert 1a (base 12) to base 3.
211
What is 3 (base 12) in base 3?
10
Convert -10 (base 3) to base 6.
-3
What is -5e (base 16) in base 6?
-234
What is 93 (base 13) in base 5?
440
Convert 59 (base 13) to base 14.
54
-1120 (base 4) to base 12
-74
What is -10 (base 12) in base 4?
-30
What is -127 (base 12) in base 8?
-257
21 (base 7) to base 6
23
What is 7 (base 8) in base 14?
7
What is -3 (base 10) in base 7?
-3
What is 2e (base 16) in base 15?
31
Convert 0 (base 10) to base 4.
0
What is -43 (base 15) in base 10?
-63
Convert -2 (base 8) to base 9.
-2
-15 (base 8) to base 13
-10
-17 (base 14) to base 2
-10101
5 (base 16) to base 11
5
What is 31 (base 9) in base 4?
130
Convert -3 (base 13) to base 7.
-3
Convert ca (base 13) to base 2.
10100110
What is -3 (base 13) in base 4?
-3
What is -103 (base 6) in base 7?
-54
20 (base 14) to base 3
1001
Convert e3 (base 15) to base 8.
325
What is -20 (base 7) in base 4?
-32
-2 (base 14) to base 13
-2
14 (base 8) to base 2
1100
Convert 102 (base 3) to base 12.
b
Convert -1 (base 3) to base 16.
-1
5 (base 13) to base 5
10
Convert 6 (base 10) to base 12.
6
What is -17 (base 16) in base 3?
-212
7 (base 12) to base 14
7
2 (base 10) to base 5
2
214 (base 6) to base 14
5c
35 (base 12) to base 16
29
What is 2 (base 4) in base 16?
2
What is 12 (base 6) in base 4?
20
Convert 34 (base 11) to base 6.
101
What is -8 (base 13) in base 3?
-22
Convert -3 (base 10) to base 15.
-3
2 (base 15) to base 14
2
Convert -13 (base 6) to base 7.
-12
What is 5 (base 6) in base 16?
5
Convert -2 (base 9) to base 15.
-2
113 (base 10) to base 5
423
-5 (base 15) to base 16
-5
What is 10110 (base 2) in base 15?
17
-6 (base 16) to base 14
-6
101101 (base 2) to base 4
231
Convert 0 (base 8) to base 7.
0
What is 93 (base 15) in base 9?
163
Convert -7 (base 14) to base 9.
-7
What is -32 (base 6) in base 5?
-40
11 (base 2) to base 11
3
What is c (base 13) in base 10?
12
Convert -24 (base 6) to base 10.
-16
Convert 1121 (base 3) to base 12.
37
Convert 254 (base 7) to base 16.
89
Convert 11101101 (base 2) to base 4.
3231
5a (base 11) to base 5
230
11 (base 16) to base 2
10001
21 (base 14) to base 5
104
Convert 2 (base 12) to base 5.
2
What is -1d (base 14) in base 4?
-123
What is 102 (base 5) in base 3?
1000
-133 (base 7) to base 8
-111
-223 (base 4) to base 16
-2b
Convert 111 (base 6) to base 10.
43
-12 (base 4) to base 15
-6
Convert 1a5 (base 14) to base 10.
341
Convert 29 (base 16) to base 2.
101001
What is -314 (base 7) in base 5?
-1113
Convert -10 (base 3) to base 13.
-3
Convert 10 (base 2) to base 7.
2
What is c9 (base 14) in base 13?
108
Convert -21 (base 16) to base 8.
-41
What is 1 (base 10) in base 8?
1
Convert 38 (base 13) to base 14.
35
What is 33 (base 14) in base 16?
2d
Convert -24 (base 5) to base 10.
-14
What is 314 (base 5) in base 11?
77
2 (base 15) to base 12
2
What is 11 (base 5) in base 10?
6
Convert -23 (base 6) to base 2.
-1111
Convert 31 (base 4) to base 3.
111
What is 22 (base 3) in base 10?
8
3 (base 12) to base 2
11
What is -14 (base 10) in base 7?
-20
-4 (base 16) to base 11
-4
Convert -3 (base 10) to base 14.
-3
Convert 45 (base 8) to base 15.
27
Convert 2 (base 12) to base 2.
10
What is -a (base 12) in base 5?
-20
What is 11 (base 7) in base 10?
8
4 (base 8) to base 9
4
What is 212 (base 6) in base 4?
1100
What is -21 (base 13) in base 12?
-23
What is -101 (base 2) in base 15?
-5
What is -11000 (base 2) in base 6?
-40
195 (base 10) to base 4
3003
What is -366 (base 7) in base 9?
-236
Convert 6 (base 11) to base 6.
10
Convert -104 (base 6) to base 9.
-44
Convert 316 (base 7) to base 6.
424
Convert 1001111 (base 2) to base 4.
1033
10 (base 9) to base 10
9
3 (base 11) to base 4
3
-10a (base 14) to base 5
-1311
-1 (base 4) to base 2
-1
What is 2 (base 9) in base 11?
2
Convert 36 (base 14) to base 13.
39
6 (base 13) to base 16
6
-21 (base 4) to base 7
-12
Convert 72 (base 13) to base 7.
162
What is 13 (base 8) in base 14?
b
What is 331 (base 6) in base 4?
1333
Convert -100000 (base 2) to base 5.
-112
Convert 10 (base 3) to base 4.
3
What is -2 (base 12) in base 14?
-2
-20 (base 3) to bas